s -f75 - 4f5?
-146a
In base 12, what is -19 + 1a5?
188
In base 6, what is -1133 + -14044?
-15221
In base 3, what is -10012 + -101220011?
-102000100
In base 3, what is -121021212110110 + -10?
-121021212110120
In base 11, what is -1 - 1760?
-1761
In base 7, what is -160 + -10206?
-10366
In base 13, what is 6 + -14429?
-14423
In base 2, what is -111100 + 1110010110100?
1110001111000
In base 7, what is -4 + 214646?
214642
In base 9, what is -14717 + -440?
-15257
In base 3, what is -1210101121 + 1001?
-1210100120
In base 2, what is 101001110 - 11000110100?
-10011100110
In base 13, what is b - -a3a9?
a3b7
In base 2, what is 11101011 - -1001101100?
1101010111
In base 13, what is -35471c - -2?
-35471a
In base 4, what is -30130201203 + 0?
-30130201203
In base 15, what is 13 - -12ea3?
12eb6
In base 14, what is 0 + -3a073?
-3a073
In base 8, what is 763 - -114?
1077
In base 10, what is 72 + 25900?
25972
In base 13, what is -4 - cc1a?
-cc21
In base 11, what is 11 - -429?
43a
In base 13, what is -1 + -10a674?
-10a675
In base 13, what is -685 - -5?
-680
In base 6, what is 305310 - 0?
305310
In base 12, what is 16a6 - -156?
1840
In base 8, what is -57634 + 0?
-57634
In base 4, what is 3 - -12031232?
12031301
In base 15, what is -5455 - 6?
-545b
In base 12, what is -2531 - -5?
-2528
In base 4, what is 22 + 1033132?
1033220
In base 11, what is 1 + -aa3?
-aa2
In base 5, what is -23 - -4204301?
4204223
In base 13, what is 2 + 8b79?
8b7b
In base 16, what is -42 - 8e7?
-929
In base 4, what is 0 - 2120123?
-2120123
In base 15, what is 4ae06 + -1?
4ae05
In base 4, what is 11200210 - 331?
11133213
In base 2, what is 1001111 - 10101011100011?
-10101010010100
In base 10, what is -284 + 12186?
11902
In base 12, what is 1507 + -1a?
14a9
In base 12, what is 92 + -609?
-537
In base 13, what is -3b - -2294?
2256
In base 16, what is -172c - 5?
-1731
In base 8, what is 72 - -402?
474
In base 3, what is -10 + 110022102121?
110022102111
In base 14, what is 6028 - -5?
602d
In base 10, what is -159 + 816?
657
In base 8, what is 515 - 1161?
-444
In base 4, what is 301 + 233223?
300130
In base 15, what is -38 - -7693?
765a
In base 4, what is 121013 + 311?
121330
In base 3, what is -1100 + -210112012?
-210120112
In base 13, what is -37c9c + 3?
-37c99
In base 14, what is 23 + d401?
d424
In base 2, what is -101100110001110 + 1?
-101100110001101
In base 2, what is -10101111 + -1110010001?
-10001000000
In base 10, what is -17 + -14926?
-14943
In base 13, what is -323 + -62?
-385
In base 5, what is -1401331222 - -2?
-1401331220
In base 5, what is 1034 - -14314?
20403
In base 8, what is 1 + 4273?
4274
In base 5, what is 102 - 40012?
-34410
In base 7, what is -3 - -20245452?
20245446
In base 12, what is 1578b7 + 9?
157904
In base 6, what is 23002 - 2?
23000
In base 8, what is -21 + -35624?
-35645
In base 15, what is -2a0 + -735?
-9d5
In base 4, what is -222311 - -11?
-222300
In base 9, what is 12888 - 228?
12660
In base 3, what is 10021 + -100222210?
-100212112
In base 2, what is 10101 + 101101100100010?
101101100110111
In base 7, what is 1 + 301255?
301256
In base 8, what is -4 - 22165?
-22171
In base 9, what is -1 + 441276?
441275
In base 4, what is -321 + -10002000?
-10002321
In base 3, what is -221 + -2100?
-10021
In base 15, what is -1c + -5ba?
-5d7
In base 4, what is 211200033 + 1?
211200100
In base 2, what is 11011 + -10111?
100
In base 4, what is 120232 - -11?
120303
In base 16, what is -48b - -e?
-47d
In base 5, what is 124244111 - 1?
124244110
In base 12, what is 14 - 6760?
-6748
In base 10, what is 7041 + -59?
6982
In base 9, what is 371 - 0?
371
In base 16, what is 5 - -9c42?
9c47
In base 5, what is -1313332 - 1?
-1313333
In base 12, what is 39408 + -4?
39404
In base 12, what is 14 + 15091?
150a5
In base 14, what is 2 + -33967?
-33965
In base 6, what is 52355 + 24?
52423
In base 4, what is 0 + -1230313100?
-1230313100
In base 9, what is -5 + 14184?
14178
In base 15, what is 7730 + 35?
7765
In base 16, what is a7 + -1491?
-13ea
In base 2, what is 1110010 + 11110001?
101100011
In base 2, what is -1100 + 10001011011?
10001001111
In base 3, what is -2 - -11110111001?
11110110222
In base 15, what is 30 - -40c?
43c
In base 14, what is 1001 + 1?
1002
In base 11, what is -12 - -21902?
218a0
In base 13, what is 304b - -4?
3052
In base 8, what is 10 + -21315?
-21305
In base 3, what is -202212121 - 10?
-202212201
In base 14, what is -5 + 7a6?
7a1
In base 2, what is -101010100100 - 1100000101?
-110110101001
In base 8, what is 4 - -263066?
263072
In base 14, what is 2 + 93c68?
93c6a
In base 2, what is -110101 - 110000001110001?
-110000010100110
In base 16, what is -59 + -15b?
-1b4
In base 7, what is 1434 + -50?
1354
In base 7, what is -32305 + 6?
-32266
In base 9, what is 15 - -32870?
32885
In base 4, what is -22011303 - -111?
-22011132
In base 3, what is 11 - -122020112?
122020200
In base 10, what is -47766 - 1?
-47767
In base 14, what is -2 - a6d8?
-a6da
In base 16, what is -14 - -1ed?
1d9
In base 9, what is -4 - -6332?
6327
In base 6, what is -24011103 - -2?
-24011101
In base 5, what is -1141013 - -201?
-1140312
In base 12, what is 901 + -2a8?
615
In base 14, what is -2c965 - -4?
-2c961
In base 13, what is 200b - -29?
2037
In base 11, what is -3 + 7563?
7560
In base 16, what is 2cd - -621?
8ee
In base 4, what is 3 - -3333300?
3333303
In base 6, what is -2241 - -422?
-1415
In base 3, what is 11 - 1000100202020?
-1000100202002
In base 5, what is 2340110424 - 4?
2340110420
In base 12, what is -1406 - 122?
-1528
In base 6, what is 242 - -10232?
10514
In base 16, what is -2b5e + -1b?
-2b79
In base 10, what is -13 - -36140?
36127
In base 16, what is 1d9 + -f?
1ca
In base 16, what is -4f - 3?
-52
In base 7, what is -104626 - 25?
-104654
In base 4, what is 12200013 + 1?
12200020
In base 4, what is -233013223 + 23?
-233013200
In base 3, what is 111021 - 221101?
-110010
In base 16, what is c8 + 29b?
363
In base 2, what is -100111000000000 + 100?
-100110111111100
In base 8, what is -2 + 3506?
3504
In base 12, what is a910 + 3?
a913
In base 7, what is 155135 - 5?
155130
In base 10, what is -5946 - -2?
-5944
In base 8, what is 214037 - 2?
214035
In base 11, what is 106a4 + -3?
106a1
In base 7, what is -3 - -1050363?
1050360
In base 7, what is 1 + -15002454?
-15002453
In base 6, what is -323 - -13254?
12531
In base 2, what is -1101101 - -1000001110001?
1000000000100
In base 16, what is -28e2c - -1?
-28e2b
In base 11, what is -a + -20234?
-20243
In base 8, what is 22023 - 0?
22023
In base 12, what is -4 - -10824b?
108247
In base 16, what is -81 - 59e?
-61f
In base 6, what is -4 - -1445451?
1445443
In base 10, what is 1598 + -39?
1559
In base 4, what is -332 + 10302110?
10301112
In base 12, what is -367082 + 3?
-36707b
In base 7, what is -144112 - 3?
-144115
In base 12, what is -7b5 - -8a?
-727
In base 11, what is -4 - -421610?
421607
In base 12, what is -54443 + -4?
-54447
In base 9, what is -187248 + 11?
-187237
In base 7, what is -2232 - 232?
-2464
In base 3, what is -21 - -10100102001?
10100101210
In base 4, what is -100221312223 + 11?
-100221312212
In base 11, what is 79a04 + 0?
79a04
In base 10, what is 35 - 886?
-851
In base 12, what is -536 + -134?
-66a
In base 10, what is -20511 - 11?
-20522
In base 7, what is -23635 + -1430?
-25365
In base 5, what is -323 + -142?
-1020
In base 3, what is 10002220021112 + 12?
10002220021201
In base 14, what is 527 - 604?
-bb
In base 3, what is 212 - -22012122?
22020111
In base 16, what is 91f - -1e?
93d
In base 8, what is 277 - 220?
57
In base 16, what is 3b1 + 5?
3b6
In base 15, what is -2 + 90bc?
90ba
In base 13, what is 980 - -24a?
bca
In base 9, what is -4 + 46784?
46780
In base 2, what is 1 - -11011010001010111?
11011010001011000
In base 16, what is 90 - -18?
a8
In base 6, what is -554 + 12031?
11033
In base 16, what is 1 - -17bd?
17be
In base 3, what is -10111122002 + 12?
-10111121220
In base 4, what is -30130102 + -1?
-30130103
In base 5, what is 34 + 4330221?
4330310
In base 11, what is 27220 + -9?
27212
In base 8, what is -11446530 + -2?
-11446532
In base 16, what is -a47 - -1?
-a46
In base 9, what is 3 - 157275?
-157272
In base 5, what is 113043 + 10204?
123302
In base 5, what is -42 + -1144202?
-1144244
In base 11, what is 4 + -27aa?
-27a6
In bas